 -m - 0*r + 439. Let c be (m/6)/(1/2). Let o = 336 - c. What is the tens digit of o?
9
Let l(p) be the third derivative of -11/12*p**4 + 0 + 14*p**2 - 2/3*p**3 + 0*p. What is the units digit of l(-3)?
2
Let s = -3268 - -7036. Suppose u - s = -11*u. What is the tens digit of u?
1
Let l = -110 - -110. Suppose 7 = -l*m + 2*m + 3*n, -3*m + 3*n = -18. Suppose 4*o + 3*s = m*s + 410, -5*o - 2*s = -499. What is the tens digit of o?
0
Suppose 1 = 50*x - 49*x. Let k be 6 - 2 - 0/x. What is the tens digit of 71 + -3 + k/1?
7
Let f(a) = 4*a**2 + 7*a**2 + 2 - 5*a + 5 + 0. Let q be f(3). Suppose -l = -q + 10. What is the tens digit of l?
8
Let y = -1040 + 16889. What is the thousands digit of y?
5
Suppose -44*g + 5108 = -830 - 2202. What is the tens digit of g?
8
Let j(g) = -g**3 - 11*g**2 + 10*g + 12. Let o be j(-12). Let w = o - 34. What is the units digit of 20 + -2 + w - -3?
3
Let b = -2349 - -8746. What is the units digit of b?
7
Let m be (-1)/(-2) + 39/26. Suppose z + m*o + 690 = 3*z, -5*z - 2*o = -1718. What is the units digit of z?
4
Suppose t + 33*t - 185266 = 0. What is the tens digit of t?
4
Let z(t) = t**3 - 45*t**2 + 179*t - 88. What is the thousands digit of z(44)?
5
Let t(w) = -129*w - 42. Let g be t(7). Let p = -575 - g. What is the hundreds digit of p?
3
Suppose -14*j + 10*j = 5*k - 19605, 3*j + 4*k = 14703. What is the tens digit of j?
0
Let d(z) = -16*z - 36*z**2 - 29*z + 2*z**2 - 2*z**3 + z**3 + 14. What is the hundreds digit of d(-34)?
5
Let s = 305 - 647. Let n = s - -836. What is the units digit of n?
4
Let p(n) = -4*n + 2. Suppose -15 = -4*b - 5*w, 3*b - 13 + 0 = -2*w. Suppose 2*v - 3 + b = -3*f, 20 = -3*v + 4*f. What is the tens digit of p(v)?
1
Let a = 37 - 32. Suppose a + 4 = 3*b. Suppose 196 - 31 = b*p. What is the units digit of p?
5
Let f(o) = -27*o - 30. Let w(p) = -27*p - 31. Let z(l) = 6*f(l) - 5*w(l). Let v be z(6). What is the units digit of (-11011)/v + 2/17?
9
Suppose 0*r - 5*r + 5*g + 53325 = 0, 4*r - 2*g - 42646 = 0. What is the units digit of r?
8
Let v(b) = b**2 + 0 - 10*b + 14 + 13. Let h be v(6). Suppose -3*r + 4*r + 333 = h*i, 5*r = -i + 127. What is the units digit of i?
2
Let w = -8784 + 17543. What is the tens digit of w?
5
Let c(b) = 5902*b - 255. What is the thousands digit of c(1)?
5
Let h(y) = 260*y + 2152. What is the units digit of h(22)?
2
Let h(u) = -u**3 - 2*u**2 - 6*u - 24. Let m be h(-3). Suppose -121 + 19 = -m*k. What is the tens digit of k?
3
Let d(v) = -32*v - 57. Let f be d(-2). Let c(w) = w**2 - 28*w + 185. What is the units digit of c(f)?
8
Suppose 5 = 4*g - 19. Suppose 5*a = g*a + 4, -n + 3*a = -293. What is the units digit of n?
1
Suppose -5*h + 4*h + 11 = 0. Suppose -5*d - 6 = -h*d. What is the units digit of d/(-7) - (-1044)/7?
9
Let r be 578/17 - (-1 - -3). Let w be ((-6)/(-8))/(4/r). Let t = 102 - w. What is the tens digit of t?
9
Let l = -24481 - -25571. What is the hundreds digit of l?
0
Suppose -w - w = 0. Suppose -4*v + 4 = 5*r, -5*v + 5 = -w. Suppose r = 4*h - 192 - 76. What is the tens digit of h?
6
Let o = -21676 - -41879. What is the thousands digit of o?
0
Suppose 302*b = 417*b - 663550. What is the units digit of b?
0
Let j be (-102)/561 + 828/(-44). Let m(x) = -6*x**2 - 24*x - 5. Let w(a) = -a**2 + a + 1. Let r(o) = m(o) - 5*w(o). What is the hundreds digit of r(j)?
1
Let l(r) = -56*r**3 + 15*r**2 + 6*r + 2. What is the tens digit of l(-3)?
3
Let f = 146 - 103. Suppose -48 = -r - f. Suppose 0*q + r*q = 3*x - 103, 5*x = 5*q + 175. What is the tens digit of x?
3
Let l = 259 - -4523. What is the thousands digit of l?
4
Suppose 27 = 4*a + 19. Let p(s) = -s**a + 7*s + 7 + s**2 + 3*s**2 + 1. What is the units digit of p(-7)?
6
Let n = -52 - -70. What is the tens digit of 204/n*36 + -3?
0
Let x = 34 + -31. Suppose -5 = -x*n - 11, 4*f - 3*n = 946. Let h = f + -143. What is the units digit of h?
2
Let q be (-1)/((-3)/(-2)) + 537/9. Let z = q - -181. What is the hundreds digit of z?
2
Suppose -90 - 176 = -2*j. Let s = 328 + j. What is the hundreds digit of s?
4
Suppose -2*d - 3*p + 13566 = 0, 385*p - 386*p - 20360 = -3*d. What is the units digit of d?
6
Suppose -3*m + 5*y - 10 = -664, -4*m + 5*y + 867 = 0. What is the units digit of (10 + m)/(1/5)?
5
Let v = 22148 - 11740. What is the thousands digit of v?
0
Suppose -g + 9 = -2*k, -3*g + 3*k = -2*k - 24. Let f be 4 - ((-2)/(-2) - 2). Suppose g*o = f*o - 192. What is the tens digit of o?
9
Suppose -3*o = 22*o + 8*o - 235290. What is the tens digit of o?
3
Suppose 87*l + 43603 - 271294 - 394185 = 0. What is the units digit of l?
8
Suppose -d - 35 = -5*m + 8, -4*m - 5*d + 75 = 0. Let r(a) be the second derivative of 5*a**4/12 - 15*a**3/2 + 9*a**2/2 - a. What is the units digit of r(m)?
9
Let w(i) = 382*i**2 + 19*i + 113. What is the thousands digit of w(-5)?
9
Let s(h) = 101*h**2 - 41*h - 4. Let z be s(4). Suppose z = 4*a - 4*l, -5*a - 94 = 2*l - 1883. What is the units digit of a?
9
Let t(z) = 9*z**2 + 26*z + 133. Let i(v) = -5*v**2 - 13*v - 73. Let a(d) = -7*i(d) - 4*t(d). Let x be 54/(-8) + (-2)/8. What is the tens digit of a(x)?
2
Let x(h) = 10*h**2 - 4*h - 5. Let f = -20 + 24. Let i be x(f). Let m = -64 + i. What is the units digit of m?
5
Suppose -320*n + 16252966 = 231846. What is the hundreds digit of n?
0
Suppose 2225 = -18*v - 1393. Let d = v + 562. What is the hundreds digit of d?
3
Let g be (-4 - -4)/(-1 + 4). Suppose -2*a + 982 = 4*l, g = -2*a + 4*l - 5*l + 997. What is the tens digit of a?
0
Let r(p) = -2*p + 4. Let y be r(-10). Let c = y + -26. What is the tens digit of (c/6)/(2/(-444))?
7
Let i(j) = -189*j**2 - 146*j**2 + 398*j**2 - 7 + 2*j**3 - 52*j. What is the units digit of i(-32)?
3
Let p(r) = -r**3 + 12*r**2 + 15. Let a(d) = 41*d - 24. Let f be a(3). Suppose -5*x = 4*x - f. What is the hundreds digit of p(x)?
1
Suppose -3*u - 31044 = -4*q - 236397, 0 = 5*u - 3*q - 342233. What is the ten thousands digit of u?
6
Let k(h) = 7*h**3 + 5*h**2 - h - 28. Let f(l) = -2*l**3 - 16*l**2 + 17*l - 5. Let u be f(-9). What is the tens digit of k(u)?
9
Let b(p) = -12 + 6*p - 3*p - 8*p. Let m be b(-10). Suppose -7*v = -c - 2*v + m, -v = 4*c - 215. What is the units digit of c?
3
What is the ten thousands digit of -13 + 36178 + -3 + 0/(-3 - -4)?
3
Suppose 4*y - 2331 = 3*a, 0 = -y - a + 173 + 415. Suppose -2565 + y = -4*b. What is the tens digit of b?
9
Let t(o) = o**2 + 4. Let g be t(0). Suppose 3*r + 15 = -5*u, g*r + 2*u - 2 = -8. Let f(q) = q**2 - q + 140. What is the tens digit of f(r)?
4
Let c(r) = 6*r**2 + 64*r + 63. Let u be c(-28). Suppose -u = -4*d + 449. What is the units digit of d?
6
Suppose 8*z - 24 = -0*z. Suppose -4*f - z*v = 265, v + 3*v = 3*f + 180. Let p = f + 121. What is the tens digit of p?
5
Let b(c) be the third derivative of 1/6*c**3 + 0*c + 53/24*c**4 + 11*c**2 + 0. What is the tens digit of b(3)?
6
Let b(u) = -537*u - 5078. What is the thousands digit of b(-13)?
1
Let l(x) = -514*x + 615. What is the units digit of l(-9)?
1
Suppose -12*t + 408 = 96. Suppose 0 = -5*a + 3*a - 80. Let p = t - a. What is the units digit of p?
6
Let i(l) = -50*l**3 + 10*l**2 + 22*l + 114. What is the hundreds digit of i(-5)?
5
Let y(z) = -46*z**2 - 340*z - 28. What is the tens digit of y(-5)?
2
Suppose 0 = -57*b + 45*b + 7572. What is the hundreds digit of b?
6
Let c = 296 + -207. Let j = 308 + c. What is the hundreds digit of j?
3
What is the tens digit of 64/(-8) - (-29494)/(-3 + 5)?
3
Let g(w) be the second derivative of 11*w**4/4 - w**3/3 + 23*w**2/2 - 2*w. What is the units digit of g(-5)?
8
Let z be 3/((-27)/6)*-3177. Suppose -6*a + z = 714. Let m = a + -157. What is the units digit of m?
7
Let x(b) = 2*b - 1. Let m be x(3). Suppose 3*z = -m*c - 692 + 2436, 3*z = -c + 356. What is the tens digit of c?
4
Suppose -79*y = -74*y - 15. Suppose 0 = -2*g - 4*r + 168, -y*r - 7 + 259 = 3*g. What is the units digit of g?
4
Suppose 4*c = -5*p + 42411, 12 - 18 = -2*p. What is the hundreds digit of c?
5
Let g = -41426 - -24382. What is the tens digit of g/(-16) - (-80)/(-64)?
6
Let p be -115 - -1*(-4 - (4 - 3)). Let d = p + 209. What is the tens digit of d?
8
Let g = -35202 + 67913. What is the tens digit of g?
1
Let f(i) = -2*i - 5. Let m = -4 + 7. Let j be f(m). Let q(p) = -5*p + 16. What is the units digit of q(j)?
1
Let y(r) = 2*r*